{"id":7080,"date":"2022-05-26T21:36:09","date_gmt":"2022-05-26T21:36:09","guid":{"rendered":"https:\/\/www.modelartspa.com\/mas\/?page_id=7080"},"modified":"2026-02-25T22:35:28","modified_gmt":"2026-02-25T22:35:28","slug":"sucursales-quintana-roo","status":"publish","type":"page","link":"https:\/\/www.modelartspa.com\/mas\/sucursales-quintana-roo\/","title":{"rendered":"Sucursales Quintana Roo"},"content":{"rendered":"\t\t<div data-elementor-type=\"wp-page\" data-elementor-id=\"7080\" class=\"elementor elementor-7080\">\n\t\t\t\t\t\t<section class=\"elementor-section elementor-top-section elementor-element elementor-element-c142dae elementor-section-boxed elementor-section-height-default elementor-section-height-default\" data-id=\"c142dae\" data-element_type=\"section\" data-e-type=\"section\">\n\t\t\t\t\t\t<div class=\"elementor-container elementor-column-gap-default\">\n\t\t\t\t\t<div class=\"elementor-column elementor-col-100 elementor-top-column elementor-element elementor-element-b576a6a\" data-id=\"b576a6a\" data-element_type=\"column\" data-e-type=\"column\">\n\t\t\t<div class=\"elementor-widget-wrap elementor-element-populated\">\n\t\t\t\t\t\t<div class=\"elementor-element elementor-element-84b65eb elementor-widget elementor-widget-heading\" data-id=\"84b65eb\" data-element_type=\"widget\" data-e-type=\"widget\" data-widget_type=\"heading.default\">\n\t\t\t\t<div class=\"elementor-widget-container\">\n\t\t\t\t\t<h3 class=\"elementor-heading-title elementor-size-default\"><br>Quintana Roo<br><\/h3>\t\t\t\t<\/div>\n\t\t\t\t<\/div>\n\t\t\t\t\t<\/div>\n\t\t<\/div>\n\t\t\t\t\t<\/div>\n\t\t<\/section>\n\t\t\t\t<section class=\"elementor-section elementor-top-section elementor-element elementor-element-0b00288 elementor-section-boxed elementor-section-height-default elementor-section-height-default\" data-id=\"0b00288\" data-element_type=\"section\" data-e-type=\"section\">\n\t\t\t\t\t\t<div class=\"elementor-container elementor-column-gap-default\">\n\t\t\t\t\t<div class=\"elementor-column elementor-col-100 elementor-top-column elementor-element elementor-element-4a021eb\" data-id=\"4a021eb\" data-element_type=\"column\" data-e-type=\"column\">\n\t\t\t<div class=\"elementor-widget-wrap elementor-element-populated\">\n\t\t\t\t\t\t<div class=\"elementor-element elementor-element-2918262 elementor-widget-divider--view-line elementor-widget elementor-widget-divider\" data-id=\"2918262\" data-element_type=\"widget\" data-e-type=\"widget\" data-widget_type=\"divider.default\">\n\t\t\t\t<div class=\"elementor-widget-container\">\n\t\t\t\t\t\t\t<div class=\"elementor-divider\">\n\t\t\t<span class=\"elementor-divider-separator\">\n\t\t\t\t\t\t<\/span>\n\t\t<\/div>\n\t\t\t\t\t\t<\/div>\n\t\t\t\t<\/div>\n\t\t\t\t<div class=\"elementor-element elementor-element-932bac6 elementor-widget elementor-widget-heading\" data-id=\"932bac6\" data-element_type=\"widget\" data-e-type=\"widget\" data-widget_type=\"heading.default\">\n\t\t\t\t<div class=\"elementor-widget-container\">\n\t\t\t\t\t<h5 class=\"elementor-heading-title elementor-size-medium\">Model Art Spa Canc\u00fan Kabah<\/h5>\t\t\t\t<\/div>\n\t\t\t\t<\/div>\n\t\t\t\t\t<\/div>\n\t\t<\/div>\n\t\t\t\t\t<\/div>\n\t\t<\/section>\n\t\t\t\t<section class=\"elementor-section elementor-top-section elementor-element elementor-element-adf4402 elementor-section-boxed elementor-section-height-default elementor-section-height-default\" data-id=\"adf4402\" data-element_type=\"section\" data-e-type=\"section\">\n\t\t\t\t\t\t<div class=\"elementor-container elementor-column-gap-default\">\n\t\t\t\t\t<div class=\"elementor-column elementor-col-50 elementor-top-column elementor-element elementor-element-7755808\" data-id=\"7755808\" data-element_type=\"column\" data-e-type=\"column\">\n\t\t\t<div class=\"elementor-widget-wrap elementor-element-populated\">\n\t\t\t\t\t\t<div class=\"elementor-element elementor-element-dbb8af6 elementor-widget elementor-widget-google_maps\" data-id=\"dbb8af6\" data-element_type=\"widget\" data-e-type=\"widget\" data-widget_type=\"google_maps.default\">\n\t\t\t\t<div class=\"elementor-widget-container\">\n\t\t\t\t\t\t\t<div class=\"elementor-custom-embed\">\n\t\t\t<iframe loading=\"lazy\"\n\t\t\t\t\tsrc=\"https:\/\/maps.google.com\/maps?q=Model%20Art%20Spa%20Canc%C3%BAn%20Kabah&#038;t=m&#038;z=13&#038;output=embed&#038;iwloc=near\"\n\t\t\t\t\ttitle=\"Model Art Spa Canc\u00fan Kabah\"\n\t\t\t\t\taria-label=\"Model Art Spa Canc\u00fan Kabah\"\n\t\t\t><\/iframe>\n\t\t<\/div>\n\t\t\t\t\t\t<\/div>\n\t\t\t\t<\/div>\n\t\t\t\t\t<\/div>\n\t\t<\/div>\n\t\t\t\t<div class=\"elementor-column elementor-col-50 elementor-top-column elementor-element elementor-element-419de8f\" data-id=\"419de8f\" data-element_type=\"column\" data-e-type=\"column\">\n\t\t\t<div class=\"elementor-widget-wrap elementor-element-populated\">\n\t\t\t\t\t\t<div class=\"elementor-element elementor-element-26e5ede elementor-widget elementor-widget-text-editor\" data-id=\"26e5ede\" data-element_type=\"widget\" data-e-type=\"widget\" data-widget_type=\"text-editor.default\">\n\t\t\t\t<div class=\"elementor-widget-container\">\n\t\t\t\t\t\t\t\t\t<h6>Direcci\u00f3n: <span style=\"font-weight: normal;\">Plaza Soriana Kabah Local 49 C.P. 77500 Canc\u00fan, M\u00e9xico<\/span><\/h6><h6>Referencias:\u00a0<span style=\"font-weight: normal;\">Puerta Izquierda frente a GNC<\/span><span style=\"font-weight: normal;\"><br \/><\/span><\/h6><h6>Tel\u00e9fono: <span style=\"font-weight: normal;\">998 880 55 56<\/span><\/h6><h6>Celular:<span style=\"font-weight: normal;\"> 998 494 28 22<\/span><\/h6><h6>Horario de atenci\u00f3n:\u00a0<\/h6><h6><span style=\"font-weight: 400;\">Lunes y Martes de 09:00 a 21:00\u00a0<\/span><\/h6><h6><span style=\"font-weight: normal;\">Miercoles a Viernes de 08:00 a 21:00\u00a0<\/span><span style=\"font-weight: 400;\"><br \/><\/span><\/h6><h6><span style=\"font-weight: 400;\">S\u00e1bados 8:00 a 19:00\u00a0<\/span><\/h6><h6><a href=\"https:\/\/wa.me\/529984942822\" target=\"_blank\" rel=\"noopener\"><img decoding=\"async\" src=\"https:\/\/www.modelartspa.com\/mas\/wp-content\/uploads\/2022\/04\/whatsapp-300x300.png\" alt=\"\" width=\"40\" height=\"40\" \/><\/a><\/h6>\t\t\t\t\t\t\t\t<\/div>\n\t\t\t\t<\/div>\n\t\t\t\t\t<\/div>\n\t\t<\/div>\n\t\t\t\t\t<\/div>\n\t\t<\/section>\n\t\t\t\t<section class=\"elementor-section elementor-top-section elementor-element elementor-element-742fc73 elementor-section-boxed elementor-section-height-default elementor-section-height-default\" data-id=\"742fc73\" data-element_type=\"section\" data-e-type=\"section\">\n\t\t\t\t\t\t<div class=\"elementor-container elementor-column-gap-default\">\n\t\t\t\t\t<div class=\"elementor-column elementor-col-100 elementor-top-column elementor-element elementor-element-1c4c783\" data-id=\"1c4c783\" data-element_type=\"column\" data-e-type=\"column\">\n\t\t\t<div class=\"elementor-widget-wrap elementor-element-populated\">\n\t\t\t\t\t\t<div class=\"elementor-element elementor-element-a14962e elementor-widget-divider--view-line elementor-widget elementor-widget-divider\" data-id=\"a14962e\" data-element_type=\"widget\" data-e-type=\"widget\" data-widget_type=\"divider.default\">\n\t\t\t\t<div class=\"elementor-widget-container\">\n\t\t\t\t\t\t\t<div class=\"elementor-divider\">\n\t\t\t<span class=\"elementor-divider-separator\">\n\t\t\t\t\t\t<\/span>\n\t\t<\/div>\n\t\t\t\t\t\t<\/div>\n\t\t\t\t<\/div>\n\t\t\t\t<div class=\"elementor-element elementor-element-874974e elementor-widget elementor-widget-heading\" data-id=\"874974e\" data-element_type=\"widget\" data-e-type=\"widget\" data-widget_type=\"heading.default\">\n\t\t\t\t<div class=\"elementor-widget-container\">\n\t\t\t\t\t<h5 class=\"elementor-heading-title elementor-size-medium\">Model Art Spa Playa del Carmen<\/h5>\t\t\t\t<\/div>\n\t\t\t\t<\/div>\n\t\t\t\t\t<\/div>\n\t\t<\/div>\n\t\t\t\t\t<\/div>\n\t\t<\/section>\n\t\t\t\t<section class=\"elementor-section elementor-top-section elementor-element elementor-element-dfbf688 elementor-section-boxed elementor-section-height-default elementor-section-height-default\" data-id=\"dfbf688\" data-element_type=\"section\" data-e-type=\"section\">\n\t\t\t\t\t\t<div class=\"elementor-container elementor-column-gap-default\">\n\t\t\t\t\t<div class=\"elementor-column elementor-col-50 elementor-top-column elementor-element elementor-element-d0c4915\" data-id=\"d0c4915\" data-element_type=\"column\" data-e-type=\"column\">\n\t\t\t<div class=\"elementor-widget-wrap elementor-element-populated\">\n\t\t\t\t\t\t<div class=\"elementor-element elementor-element-f93d39d elementor-widget elementor-widget-google_maps\" data-id=\"f93d39d\" data-element_type=\"widget\" data-e-type=\"widget\" data-widget_type=\"google_maps.default\">\n\t\t\t\t<div class=\"elementor-widget-container\">\n\t\t\t\t\t\t\t<div class=\"elementor-custom-embed\">\n\t\t\t<iframe loading=\"lazy\"\n\t\t\t\t\tsrc=\"https:\/\/maps.google.com\/maps?q=Model%20Art%20Spa%20Playa%20del%20Carmen&#038;t=m&#038;z=12&#038;output=embed&#038;iwloc=near\"\n\t\t\t\t\ttitle=\"Model Art Spa Playa del Carmen\"\n\t\t\t\t\taria-label=\"Model Art Spa Playa del Carmen\"\n\t\t\t><\/iframe>\n\t\t<\/div>\n\t\t\t\t\t\t<\/div>\n\t\t\t\t<\/div>\n\t\t\t\t\t<\/div>\n\t\t<\/div>\n\t\t\t\t<div class=\"elementor-column elementor-col-50 elementor-top-column elementor-element elementor-element-3246ea7\" data-id=\"3246ea7\" data-element_type=\"column\" data-e-type=\"column\">\n\t\t\t<div class=\"elementor-widget-wrap elementor-element-populated\">\n\t\t\t\t\t\t<div class=\"elementor-element elementor-element-64d07ad elementor-widget elementor-widget-image\" data-id=\"64d07ad\" data-element_type=\"widget\" data-e-type=\"widget\" data-widget_type=\"image.default\">\n\t\t\t\t<div class=\"elementor-widget-container\">\n\t\t\t\t\t\t\t\t\t\t\t\t\t\t\t<img decoding=\"async\" src=\"https:\/\/www.modelartspa.com\/mas\/wp-content\/uploads\/elementor\/thumbs\/Premium-qjuohdv6037v34ipbltdhpawcu61x2l0f6i6yyb0lk.png\" title=\"Premium\" alt=\"Premium\" loading=\"lazy\" \/>\t\t\t\t\t\t\t\t\t\t\t\t\t\t\t<\/div>\n\t\t\t\t<\/div>\n\t\t\t\t<div class=\"elementor-element elementor-element-391c61c elementor-widget elementor-widget-text-editor\" data-id=\"391c61c\" data-element_type=\"widget\" data-e-type=\"widget\" data-widget_type=\"text-editor.default\">\n\t\t\t\t<div class=\"elementor-widget-container\">\n\t\t\t\t\t\t\t\t\t<h6>\u00a0Direcci\u00f3n: <span style=\"font-weight: normal;\">Calle Los Almendros 3 Mz 14 Lt.12 Col. Bosque Real Playa del Carmen C.P. 77714<\/span><\/h6><h6>Referencias: <span style=\"font-weight: normal;\">Entre Montes Azules y Monte L\u00edbano<\/span><\/h6><h6>Telefono:<span style=\"font-weight: normal;\">\u00a0984 206 13 46<\/span><\/h6><h6>Celular:<span style=\"font-weight: normal;\">\u00a0984 135 34 97<\/span><span style=\"font-weight: normal;\"><br \/><\/span><\/h6><h6>Horario de atenci\u00f3n:\u00a0<\/h6><h6><span style=\"font-weight: 400;\">Lunes a S\u00e1bados de 8:00 a 20:00\u00a0<\/span><\/h6><h6><a href=\"https:\/\/wa.me\/529841353497\" target=\"_blank\" rel=\"noopener\"><img decoding=\"async\" class=\"alignnone\" src=\"https:\/\/www.modelartspa.com\/mas\/wp-content\/uploads\/2022\/04\/whatsapp-300x300.png\" alt=\"\" width=\"40\" height=\"40\" \/><\/a><\/h6>\t\t\t\t\t\t\t\t<\/div>\n\t\t\t\t<\/div>\n\t\t\t\t\t<\/div>\n\t\t<\/div>\n\t\t\t\t\t<\/div>\n\t\t<\/section>\n\t\t\t\t<section class=\"elementor-section elementor-top-section elementor-element elementor-element-3b85b28 elementor-section-boxed elementor-section-height-default elementor-section-height-default\" data-id=\"3b85b28\" data-element_type=\"section\" data-e-type=\"section\">\n\t\t\t\t\t\t<div class=\"elementor-container elementor-column-gap-default\">\n\t\t\t\t\t<div class=\"elementor-column elementor-col-100 elementor-top-column elementor-element elementor-element-a5abe46\" data-id=\"a5abe46\" data-element_type=\"column\" data-e-type=\"column\">\n\t\t\t<div class=\"elementor-widget-wrap elementor-element-populated\">\n\t\t\t\t\t\t<div class=\"elementor-element elementor-element-9216a23 elementor-widget-divider--view-line elementor-widget elementor-widget-divider\" data-id=\"9216a23\" data-element_type=\"widget\" data-e-type=\"widget\" data-widget_type=\"divider.default\">\n\t\t\t\t<div class=\"elementor-widget-container\">\n\t\t\t\t\t\t\t<div class=\"elementor-divider\">\n\t\t\t<span class=\"elementor-divider-separator\">\n\t\t\t\t\t\t<\/span>\n\t\t<\/div>\n\t\t\t\t\t\t<\/div>\n\t\t\t\t<\/div>\n\t\t\t\t\t<\/div>\n\t\t<\/div>\n\t\t\t\t\t<\/div>\n\t\t<\/section>\n\t\t\t\t<\/div>\n\t\t","protected":false},"excerpt":{"rendered":"<p>Quintana Roo Model Art Spa Canc\u00fan Kabah Direcci\u00f3n: Plaza Soriana Kabah Local 49 C.P. 77500 Canc\u00fan, M\u00e9xico Referencias:\u00a0Puerta Izquierda frente a GNC [&hellip;]<\/p>\n","protected":false},"author":1,"featured_media":0,"parent":0,"menu_order":0,"comment_status":"closed","ping_status":"closed","template":"elementor_header_footer","meta":{"footnotes":""},"class_list":["post-7080","page","type-page","status-publish","hentry"],"_links":{"self":[{"href":"https:\/\/www.modelartspa.com\/mas\/wp-json\/wp\/v2\/pages\/7080","targetHints":{"allow":["GET"]}}],"collection":[{"href":"https:\/\/www.modelartspa.com\/mas\/wp-json\/wp\/v2\/pages"}],"about":[{"href":"https:\/\/www.modelartspa.com\/mas\/wp-json\/wp\/v2\/types\/page"}],"author":[{"embeddable":true,"href":"https:\/\/www.modelartspa.com\/mas\/wp-json\/wp\/v2\/users\/1"}],"replies":[{"embeddable":true,"href":"https:\/\/www.modelartspa.com\/mas\/wp-json\/wp\/v2\/comments?post=7080"}],"version-history":[{"count":69,"href":"https:\/\/www.modelartspa.com\/mas\/wp-json\/wp\/v2\/pages\/7080\/revisions"}],"predecessor-version":[{"id":12216,"href":"https:\/\/www.modelartspa.com\/mas\/wp-json\/wp\/v2\/pages\/7080\/revisions\/12216"}],"wp:attachment":[{"href":"https:\/\/www.modelartspa.com\/mas\/wp-json\/wp\/v2\/media?parent=7080"}],"curies":[{"name":"wp","href":"https:\/\/api.w.org\/{rel}","templated":true}]}}